
5
Calculate the remainder when 3924 is divided by 231.
228
Calculate the remainder when 59 is divided by 11.
4
Calculate the remainder when 743 is divided by 310.
123
What is the remainder when 63 is divided by 5?
3
Calculate the remainder when 333 is divided by 7.
4
What is the remainder when 349 is divided by 94?
67
Calculate the remainder when 333 is divided by 167.
166
Calculate the remainder when 513 is divided by 6.
3
What is the remainder when 880 is divided by 42?
40
What is the remainder when 51 is divided by 7?
2
Calculate the remainder when 798 is divided by 20.
18
What is the remainder when 1941 is divided by 59?
53
Calculate the remainder when 375 is divided by 157.
61
Calculate the remainder when 9 is divided by 6.
3
What is the remainder when 323 is divided by 151?
21
Calculate the remainder when 306 is divided by 26.
20
Calculate the remainder when 79 is divided by 23.
10
What is the remainder when 97 is divided by 54?
43
What is the remainder when 42 is divided by 26?
16
Calculate the remainder when 71 is divided by 24.
23
Calculate the remainder when 122 is divided by 65.
57
What is the remainder when 8859 is divided by 45?
39
Calculate the remainder when 655 is divided by 11.
6
Calculate the remainder when 374 is divided by 124.
2
Calculate the remainder when 2901 is divided by 580.
1
Calculate the remainder when 317 is divided by 29.
27
What is the remainder when 131 is divided by 23?
16
Calculate the remainder when 252 is divided by 129.
123
Calculate the remainder when 5287 is divided by 108.
103
Calculate the remainder when 13971 is divided by 137.
134
What is the remainder when 2492 is divided by 104?
100
Calculate the remainder when 23008 is divided by 13.
11
Calculate the remainder when 654 is divided by 95.
84
What is the remainder when 44 is divided by 31?
13
Calculate the remainder when 4557 is divided by 413.
14
What is the remainder when 622 is divided by 294?
34
Calculate the remainder when 124 is divided by 8.
4
Calculate the remainder when 110 is divided by 33.
11
Calculate the remainder when 25 is divided by 19.
6
What is the remainder when 473 is divided by 119?
116
Calculate the remainder when 94 is divided by 16.
14
Calculate the remainder when 375 is divided by 60.
15
Calculate the remainder when 111 is divided by 49.
13
Calculate the remainder when 1062 is divided by 98.
82
What is the remainder when 540 is divided by 180?
0
Calculate the remainder when 13452 is divided by 207.
204
Calculate the remainder when 883 is divided by 34.
33
What is the remainder when 1246 is divided by 34?
22
What is the remainder when 3482 is divided by 14?
10
Calculate the remainder when 15 is divided by 8.
7
What is the remainder when 53 is divided by 18?
17
Calculate the remainder when 270 is divided by 16.
14
What is the remainder when 3968 is divided by 49?
48
Calculate the remainder when 152 is divided by 12.
8
What is the remainder when 944 is divided by 63?
62
Calculate the remainder when 413 is divided by 21.
14
Calculate the remainder when 263 is divided by 7.
4
What is the remainder when 1205 is divided by 39?
35
Calculate the remainder when 136 is divided by 7.
3
What is the remainder when 103 is divided by 43?
17
Calculate the remainder when 334 is divided by 90.
64
What is the remainder when 120 is divided by 61?
59
Calculate the remainder when 164 is divided by 20.
4
Calculate the remainder when 725 is divided by 32.
21
Calculate the remainder when 257 is divided by 44.
37
Calculate the remainder when 3049 is divided by 102.
91
What is the remainder when 31999 is divided by 32?
31
Calculate the remainder when 620 is divided by 86.
18
What is the remainder when 100 is divided by 32?
4
What is the remainder when 24 is divided by 13?
11
Calculate the remainder when 294 is divided by 89.
27
Calculate the remainder when 53 is divided by 19.
15
Calculate the remainder when 468 is divided by 67.
66
What is the remainder when 1181 is divided by 74?
71
Calculate the remainder when 8016 is divided by 34.
26
Calculate the remainder when 100 is divided by 40.
20
What is the remainder when 879 is divided by 59?
53
Calculate the remainder when 37 is divided by 22.
15
What is the remainder when 1068 is divided by 293?
189
Calculate the remainder when 304 is divided by 86.
46
Calculate the remainder when 132 is divided by 10.
2
Calculate the remainder when 118 is divided by 26.
14
Calculate the remainder when 81 is divided by 22.
15
Calculate the remainder when 295 is divided by 11.
9
What is the remainder when 54 is divided by 2?
0
Calculate the remainder when 1041 is divided by 58.
55
What is the remainder when 203 is divided by 69?
65
What is the remainder when 761 is divided by 194?
179
What is the remainder when 3364 is divided by 102?
100
Calculate the remainder when 163 is divided by 41.
40
What is the remainder when 1073 is divided by 45?
38
Calculate the remainder when 253 is divided by 43.
38
What is the remainder when 30 is divided by 23?
7
Calculate the remainder when 256 is divided by 81.
13
What is the remainder when 2401 is divided by 171?
7
What is the remainder when 420 is divided by 78?
30
Calculate the remainder when 509 is divided by 30.
29
What is the remainder when 50 is divided by 17?
16
Calculate the remainder when 73 is divided by 55.
18
Calculate the remainder when 572 is divided by 128.
60
What is the remainder when 313 is divided by 21?
19
Calculate the remainder when 3486 is divided by 91.
28
Calculate the remainder when 654 is divided by 65.
4
What is the remainder when 1607 is divided by 67?
66
Calculate the remainder when 1162 is divided by 41.
14
Calculate the remainder when 2415 is divided by 83.
8
Calculate the remainder when 528 is divided by 13.
8
Calculate the remainder when 1339 is divided by 61.
58
What is the remainder when 3978 is divided by 173?
172
What is the remainder when 704 is divided by 64?
0
Calculate the remainder when 154 is divided by 33.
22
What is the remainder when 468 is divided by 47?
45
Calculate the remainder when 916 is divided by 20.
16
What is the remainder when 97 is divided by 97?
0
Calculate the remainder when 11028 is divided by 34.
12
Calculate the remainder when 3450 is divided by 860.
10
Calculate the remainder when 604 is divided by 59.
14
Calculate the remainder when 1382 is divided by 451.
29
Calculate the remainder when 150 is divided by 48.
6
Calculate the remainder when 1375 is divided by 271.
20
Calculate the remainder when 183 is divided by 32.
23
What is the remainder when 433 is divided by 71?
7
Calculate the remainder when 460 is divided by 16.
12
Calculate the remainder when 177 is divided by 33.
12
What is the remainder when 220 is divided by 63?
31
What is the remainder when 1168 is divided by 209?
123
Calculate the remainder when 85 is divided by 24.
13
What is the remainder when 385 is divided by 240?
145
Calculate the remainder when 461 is divided by 93.
89
Calculate the remainder when 1222 is divided by 6.
4
What is the remainder when 1854 is divided by 303?
36
Calculate the remainder when 1129 is divided by 36.
13
Calculate the remainder when 3388 is divided by 3378.
10
Calculate the remainder when 1662 is divided by 43.
28
Calculate the remainder when 155 is divided by 73.
9
Calculate the remainder when 111 is divided by 51.
9
What is the remainder when 5189 is divided by 118?
115
Calculate the remainder when 322 is divided by 60.
22
What is the remainder when 566 is divided by 119?
90
Calculate the remainder when 217 is divided by 12.
1
What is the remainder when 12257 is divided by 55?
47
What is the remainder when 83 is divided by 7?
6
Calculate the remainder when 57 is divided by 29.
28
Calculate the remainder when 134 is divided by 63.
8
Calculate the remainder when 1041 is divided by 36.
33
What is the remainder when 529 is divided by 19?
16
Calculate the remainder when 8421 is divided by 36.
33
What is the remainder when 103 is divided by 58?
45
Calculate the remainder when 4391 is divided by 191.
189
What is the remainder when 353 is divided by 18?
11
What is the remainder when 800 is divided by 400?
0
Calculate the remainder when 417 is divided by 207.
3
What is the remainder when 926 is divided by 153?
8
What is the remai